ime?
True
Is (-2 - 7/(-3))*111 composite?
False
Is 3315/25 + -4*1/(-10) a prime number?
False
Suppose 0 = -3*v + 5*n + 33 + 456, -v + 5*n + 163 = 0. Is v a prime number?
True
Let j(x) = 31*x - 14. Let v(c) = 46*c - 21. Let w(f) = 7*j(f) - 5*v(f). Is w(-6) prime?
False
Suppose i = -2*t + 4*i + 902, -t - 2*i = -458. Let a = t + -201. Is a a composite number?
True
Let o be 8*(2/(-2) - 0). Let q be (-5)/2*o/10. Suppose 6*u - 1060 = q*u. Is u prime?
False
Suppose 0 = -2*i + 5*i - 12. Suppose 30 = i*l - 110. Is l composite?
True
Suppose 0*s - 5*o = 2*s - 68, 3*s - 3*o - 123 = 0. Is s composite?
True
Let y(x) = -11*x**3 - x**2 + x - 3. Let u be y(-3). Suppose 0*g + 2*g - u = 0. Is g a prime number?
False
Suppose w = 146 + 1001. Is w a prime number?
False
Let d(p) = 6*p**2 + 3. Let q(o) = 5*o**2 + 3. Let h(n) = -4*d(n) + 5*q(n). Let m be h(0). Suppose m*j + 17 = 50. Is j composite?
False
Suppose z - 4 + 2 = 0. Let j(m) = 36*m**3 + m**2 + 2*m - 1. Is j(z) a composite number?
True
Let t(r) = 222*r - 11. Let p = -11 - -15. Is t(p) prime?
True
Let n be 13/3 + 6/9. Let j = -1 + n. Is j/(-14) + (-405)/(-21) a prime number?
True
Suppose -4*u + 5*d - 18 = 81, 0 = 4*u + 5*d + 109. Let b = u + 135. Let z = -44 + b. Is z composite?
True
Is 9/(-21) - 11530/(-35) a composite number?
True
Is -2*(-1 - 101) + -1 composite?
True
Is 676 + 3 + -5 + -1 a composite number?
False
Let r = -24 + 17. Let y(q) = -2*q - 10. Let z be y(r). Is (-45)/(-4) - 1/z composite?
False
Is (211/1)/(5/5) a composite number?
False
Let y(f) = 5*f**2. Let u be y(2). Suppose 2*s = 4*s - 8. Suppose -u + 160 = s*j. Is j a composite number?
True
Suppose -9*v = -128 - 151. Is v composite?
False
Let x(r) = -r**2 + 5*r + 2. Let d be x(5). Suppose d*t - 85 = 39. Suppose -3*l = -l - t. Is l a composite number?
False
Suppose -2*c + 5*c = 9. Suppose 0 = q + c*h - 8*h + 11, -5*q + h = -17. Suppose -8*t = -q*t + 20, 205 = 5*u - 4*t. Is u composite?
False
Let q = -564 + 1117. Is q prime?
False
Let o(x) = x**3 - 2*x**2 - 5*x + 3. Let m be o(4). Let s = m + 52. Let d = -30 + s. Is d a composite number?
False
Suppose -u = 2*u - 93. Is u composite?
False
Is (-134678)/(-34) + (-44)/374 composite?
True
Suppose x = 3*m - 23, 5*m - 57 = -6*x + 3*x. Is (2 - (8 - 3)) + m a composite number?
True
Let w(m) = -61*m - 5. Is w(-14) composite?
True
Let l(j) = 81*j**2 - 28*j. Is l(-5) a prime number?
False
Let v be 0/(0 - 1 - 0). Suppose v = -5*f - 2*a + 15, 3*a = 5*f + 6*a - 15. Is 6/9 - (-253)/f a composite number?
True
Let j be 1/(4/(-320)*-4). Suppose -j = 5*g, 5*b - g = 2*g + 257. Is b a prime number?
False
Suppose -8*d = -3*d - 1675. Is d prime?
False
Let t(c) = -40*c + 7. Let k be (-11 + 1)*(-2)/(-2). Is t(k) prime?
False
Suppose -81 = 3*m - 1008. Is m a composite number?
True
Let s = 1625 + -1136. Is s composite?
True
Let n(x) = 105*x + 1. Is n(2) a prime number?
True
Suppose 0*w = -2*w + 106. Is w composite?
False
Let j be (-2 + 2)/3 - -3. Suppose -a + j*r + 248 = 0, 2*r - 4 = 6. Is a a prime number?
True
Suppose 5*o - 11 - 424 = 5*r, 352 = 4*o - 3*r. Is o a prime number?
False
Suppose 9 = 2*v - 3. Let c(x) = 90*x**3 - v*x - 1 + 6*x + 0. Is c(1) composite?
False
Let q(b) = b**3 - 4*b**2 + 2*b - 1. Let c be q(4). Suppose c*i - 892 = 3*i. Is i prime?
True
Suppose -h + 5*h + 3 = -3*q, -3*q + 5*h = -24. Suppose -97 = -q*n + 62. Is n a composite number?
False
Suppose 9*d = 4*d - 535. Let l = d + 160. Is l prime?
True
Suppose 5 = -5*s - 0*s. Is s + 154 + (-1 - -3) composite?
True
Let n be 2/(-6) - 64/(-12). Suppose -a = -2*g - n*a - 10, 2*a = 5*g - 23. Let c = g - -7. Is c a prime number?
False
Suppose 5*n - 968 = -4*j, j = -0*j + 5*n + 217. Is j a composite number?
True
Suppose x = -5*b + 64, -3*b = 4*x - 138 - 50. Let a = x - -11. Is a composite?
True
Is (1 - 5/((-10)/1944)) + -2 prime?
True
Let r(z) = -z**2 + 5*z - 4. Let q be r(3). Suppose 2*s - s = 0, 5*v + q*s = 0. Suppose 0 = -3*m + d - 6*d + 31, -m + 3*d + 1 = v. Is m a composite number?
False
Let v(a) = 0*a - a**2 + 3 - 6 - 3*a. Let b be v(-3). Let k(j) = -2*j**3 - j**2 + 5*j + 3. Is k(b) a composite number?
True
Let s = -570 - -821. Is s prime?
True
Let s = 748 - -129. Is s a prime number?
True
Suppose -10*a = -6*a - 1148. Is a prime?
False
Let z = -68 + 169. Suppose 2*a - i + z = 0, 3*a = 2*a - 3*i - 61. Let v = -17 - a. Is v a composite number?
True
Let i be (-1 - -3)*(-15)/(-6). Suppose x - i*q + 19 = -3*x, 4 = -4*q. Let g(h) = -h**3 - 4*h**2 - 5. Is g(x) a prime number?
True
Suppose 5*x - 2529 = h, 3*h + 2537 = 2*x + 3*x. Is x a composite number?
True
Let n(s) = s**2 - s. Let q be n(3). Let a be q/(-8) + (-97)/4. Let p = 80 + a. Is p prime?
False
Let v(i) = i + 4 + 2 - 2. Let z be v(-5). Let r = z - -38. Is r composite?
False
Suppose -16 = 5*d + 4, 4*h = 3*d - 4. Is 2/4 - 26/h prime?
True
Let k be 9*-3*(-4)/6. Suppose 3*t - 93 + k = 0. Suppose -221 - t = -3*m. Is m a composite number?
True
Let k be 420/(-50) - (-4)/10. Let a = 987 - k. Is a a composite number?
True
Let s(g) = g**2 - 5*g + 2. Let n be s(5). Suppose -4*y = -l - n*l + 401, 3*y = l - 142. Is l composite?
False
Let p = -7 - -10. Let d(t) = 2*t**2 + 0 + 1 + t**p - t**2 + 4*t**2. Is d(-3) composite?
False
Suppose n - 143 = -3*h, -596 = -3*n - n - 4*h. Let j = -187 + 315. Suppose 5*q + x = n, -5*q - 3*x + j = -18. Is q prime?
True
Suppose 4*g = -k + 715, 3*g - 3*k = 472 + 68. Is g composite?
False
Let r be ((-14)/(-4))/(1/2). Let m = r + 8. Is m prime?
False
Let t = 0 + 8. Suppose -212 = -t*d + 4*d. Is d a composite number?
False
Is (-1)/3*(-7002 + (-6)/2) a prime number?
False
Let c = -113 - -172. Let r(v) = 6*v**2 + 5*v - 3. Let i be r(-4). Suppose 0 = 4*j - c - i. Is j prime?
False
Let v(j) = -6*j - 22. Let i(f) = -4*f - 15. Let w(c) = 8*i(c) - 5*v(c). Let u(k) = -3*k - 11. Let d(o) = 4*u(o) - 5*w(o). Is d(-10) a composite number?
True
Suppose 5*y = -x + 1618, 0*x - 1612 = -5*y + x. Is y prime?
False
Let t = 703 + -386. Is t a prime number?
True
Suppose 2*s + 472 = -26. Let l = 588 + s. Is l composite?
True
Let o(b) = 4*b**2 - b + 7 + 0*b - 3*b**2. Suppose -2*m + 27 = 6*v - v, 0 = -3*m - 12. Is o(v) prime?
False
Suppose -4*m + 0*p - 3 = -3*p, -p + 20 = 5*m. Let q be m*-2*(-6)/9. Suppose 4*b = -4*u + 28 - 4, -u + q*b = -21. Is u composite?
True
Suppose 4*t = 5*c + 8381, -7*t - 2*c + 4204 = -5*t. Is t a composite number?
False
Let p = 76 + 471. Is p a prime number?
True
Let r(g) = 75*g - 40. Is r(9) prime?
False
Suppose -3*n - 37 = -4*l, -4*l - 5*n - 1 = -78. Let q = l - 3. Is ((-185)/q)/((-2)/4) prime?
True
Let l(t) = 109*t**3 - 5*t**2 + 4*t. Let n(d) = 110*d**3 - 6*d**2 + 5*d. Let h(f) = 6*l(f) - 5*n(f). Let s be h(1). Let o = -41 + s. Is o prime?
False
Let n(m) = -m + 12. Let d be n(11). Let p = d - 2. Is (6/12)/(p/(-78)) prime?
False
Suppose 3*a - 612 = -a. Let t = a - 283. Let g = t + 185. Is g a composite number?
True
Let d = -2 - -7. Suppose 3*x + 2*n = 195, -x + d*n + 350 = 4*x. Is x a composite number?
False
Suppose -z + 1 + 4 = 0. Suppose -5*p + 0*p = z*r, 2*r = -p + 3. Is -1 + 11 - p - 0 a composite number?
False
Is (-21153)/(-44) - 2/(-8) a composite number?
True
Let g = 507 - 266. Let m = -18 + g. Is m prime?
True
Suppose 0*f - 5*f = 20. Let h = f - -7. Suppose d - h*u - 14 = 0, 0 = -0*u + 2*u. Is d prime?
False
Suppose -64 - 147 = -j. Is j prime?
True
Let z = -1 + 5. Suppose -z*p + 136 = -96. Is p a prime number?
False
Suppose a - 5*a = 2*i - 9332, -a = 4*i - 2333. Is a prime?
True
Let r = -11 - -12. Let x be ((-28)/(-12))/(r/(-99)). Is (4/6)/((-2)/x) a composite number?
True
Let z be (-356)/(-2)*3/(-6). Let u = 144 + z. Is u composite?
True
Let t = -11 - -21. Is 376/t + (-24)/40 a prime number?
True
Let d(h) = -h**2 + 5*h - 2. Let a be d(6). Let u = a - -9. Suppose -3*p + 5*g = -344, 4*g = 3*g - u. Is p composite?
False
Let v = 23 + -18. Suppose -318 = -0*i - 4*i + 2*z, v*z + 242 = 3*i. Is i prime?
True
Let t(k) = -k**2 - 11*k - 6. Suppose b + 0*b + 11 = 0. Let z be t(b). Is 50*((-15)/z + -2) a prime number?
False
Let a(o) = o**3 + 17*o**2 - 13*o - 22. Is a(-15) a prime number?
False
Let j be (-2)/((-6)/(-9)) + 4. Is (-1 + 39 + -1)*j prime?
True
Suppose 76 + 99 = 5*y. Suppose -4*u = -3*f - 28, -5*u - 5*f + y = -4*f. Is u prime?
True
Suppose -30 = -2*h + p + 53, 5*h = -3*p + 224